{"id":10,"date":"2026-04-16T20:07:19","date_gmt":"2026-04-16T20:07:19","guid":{"rendered":"https:\/\/evtasimanakliye.com.tr\/?page_id=10"},"modified":"2026-04-24T06:06:12","modified_gmt":"2026-04-24T06:06:12","slug":"ev-tasima","status":"publish","type":"page","link":"https:\/\/evtasimanakliye.com.tr\/","title":{"rendered":"Ev Ta\u015f\u0131ma"},"content":{"rendered":"\t\t<div data-elementor-type=\"wp-page\" data-elementor-id=\"10\" class=\"elementor elementor-10\">\n\t\t\t\t<div class=\"elementor-element elementor-element-5510be49 e-flex e-con-boxed e-con e-parent\" data-id=\"5510be49\" data-element_type=\"container\" data-e-type=\"container\">\n\t\t\t\t\t<div class=\"e-con-inner\">\n\t\t\t\t<div class=\"elementor-element elementor-element-aca8446 elementor-widget elementor-widget-text-editor\" data-id=\"aca8446\" data-element_type=\"widget\" data-e-type=\"widget\" data-widget_type=\"text-editor.default\">\n\t\t\t\t\t\t\t\t\t\n<div class=\"wp-block-cover alignfull\" style=\"min-height:720px;aspect-ratio:unset;\">\n  <span aria-hidden=\"true\" class=\"wp-block-cover__background has-background-dim-100 has-background-dim\"><\/span>\n  <div class=\"wp-block-cover__inner-container is-layout-flow wp-block-cover-is-layout-flow\">\n\n    \n    <div class=\"wp-block-media-text alignwide has-media-on-the-right is-stacked-on-mobile is-vertically-aligned-center\" style=\"grid-template-columns:auto 43%\">\n      <div class=\"wp-block-media-text__content\">\n\n        \n        <h1 class=\"has-white-color has-text-color wp-block-heading\">Ev Ta\u015f\u0131ma Nakliye<\/h1>\n        \n\n        \n        <p class=\"has-white-color has-text-color\">E\u015fyalar\u0131n\u0131z bizimle g\u00fcvende. Profesyonel, sigortal\u0131 ve planl\u0131 evden eve nakliyat hizmeti.<\/p>\n        \n\n        \n        <div class=\"wp-block-buttons is-layout-flex wp-block-buttons-is-layout-flex\">\n          \n          <div class=\"wp-block-button\">\n            <a class=\"wp-block-button__link wp-element-button\" href=\"https:\/\/evtasimanakliye.com.tr\">Evden Eve Nakliyat<\/a>\n          <\/div>\n          \n        <\/div>\n        \n\n      <\/div>\n\n      <figure class=\"wp-block-media-text__media\">\n        <img decoding=\"async\" src=\"https:\/\/evtasimanakliye.com.tr\/wp-content\/uploads\/2026\/04\/ev-tasima-nakliye-300x169.png\" alt=\"Ev Ta\u015f\u0131ma Nakliye\">\n      <\/figure>\n    <\/div>\n    \n\n  <\/div>\n<\/div>\n\n\n\n\n<div id=\"services\" class=\"wp-block-group alignfull has-ast-global-color-5-background-color has-background is-layout-constrained wp-container-core-group-is-layout-5be40f62 wp-block-group-is-layout-constrained\" style=\"padding-top:100px;padding-bottom:80px\">\n\n  \n  <h2 class=\"has-text-align-center wp-block-heading\">Nakliye Hizmetlerimiz<\/h2>\n  \n\n  \n  <p class=\"has-text-align-center\">Ev ta\u015f\u0131ma, ofis ta\u015f\u0131ma, \u015fehirleraras\u0131 nakliyat ve e\u015fya depolama ihtiya\u00e7lar\u0131n\u0131z i\u00e7in profesyonel \u00e7\u00f6z\u00fcmler sunuyoruz.<\/p>\n  \n\n  \n  <div class=\"wp-block-columns is-layout-flex wp-container-core-columns-is-layout-b7d35e34 wp-block-columns-is-layout-flex\" style=\"margin-top:50px\">\n\n    \n    <div class=\"wp-block-column is-layout-flow wp-block-column-is-layout-flow\">\n      \n      <figure class=\"wp-block-image size-large is-resized\">\n        <img decoding=\"async\" src=\"https:\/\/evtasimanakliye.com.tr\/wp-content\/themes\/astra\/inc\/assets\/images\/starter-content\/building.svg\" alt=\"Ev Ta\u015f\u0131ma\" width=\"48\" height=\"48\">\n      <\/figure>\n      \n\n      \n      <h3 class=\"wp-block-heading\">Ev Ta\u015f\u0131ma<\/h3>\n      \n\n      \n      <p>Evden eve nakliye s\u00fcrecinizi planl\u0131, g\u00fcvenli ve profesyonel \u015fekilde y\u00f6netiyoruz.<\/p>\n      \n    <\/div>\n    \n\n    \n    <div class=\"wp-block-column is-layout-flow wp-block-column-is-layout-flow\">\n      \n      <figure class=\"wp-block-image size-large is-resized\">\n        <img decoding=\"async\" src=\"https:\/\/evtasimanakliye.com.tr\/wp-content\/themes\/astra\/inc\/assets\/images\/starter-content\/shopping-bag.svg\" alt=\"Ofis Ta\u015f\u0131ma\" width=\"48\" height=\"48\">\n      <\/figure>\n      \n\n      \n      <h3 class=\"wp-block-heading\">Ofis Ta\u015f\u0131ma<\/h3>\n      \n\n      \n      <p>Kurumsal ta\u015f\u0131ma s\u00fcre\u00e7lerinde i\u015f ak\u0131\u015f\u0131n\u0131z\u0131 minimum kesintiyle s\u00fcrd\u00fcrecek \u00e7\u00f6z\u00fcmler sunuyoruz.<\/p>\n      \n    <\/div>\n    \n\n    \n    <div class=\"wp-block-column is-layout-flow wp-block-column-is-layout-flow\">\n      \n      <figure class=\"wp-block-image size-large is-resized\">\n        <img decoding=\"async\" src=\"https:\/\/evtasimanakliye.com.tr\/wp-content\/themes\/astra\/inc\/assets\/images\/starter-content\/blog.svg\" alt=\"\u015eehirleraras\u0131 Nakliyat\" width=\"48\" height=\"48\">\n      <\/figure>\n      \n\n      \n      <h3 class=\"wp-block-heading\">\u015eehirleraras\u0131 Nakliyat<\/h3>\n      \n\n      \n      <p>E\u015fyalar\u0131n\u0131z\u0131 \u015fehirleraras\u0131 ta\u015f\u0131mac\u0131l\u0131kta sigortal\u0131 ve g\u00fcvenli \u015fekilde yeni adresinize ula\u015ft\u0131r\u0131yoruz.<\/p>\n      \n    <\/div>\n    \n\n    \n    <div class=\"wp-block-column is-layout-flow wp-block-column-is-layout-flow\">\n      \n      <figure class=\"wp-block-image size-large is-resized\">\n        <img loading=\"lazy\" decoding=\"async\" src=\"https:\/\/evtasimanakliye.com.tr\/wp-content\/themes\/astra\/inc\/assets\/images\/starter-content\/portfolio.svg\" alt=\"E\u015fya Depolama\" width=\"48\" height=\"48\">\n      <\/figure>\n      \n\n      \n      <h3 class=\"wp-block-heading\">E\u015fya Depolama<\/h3>\n      \n\n      \n      <p>K\u0131sa veya uzun s\u00fcreli depolama ihtiya\u00e7lar\u0131n\u0131z i\u00e7in g\u00fcvenli ve d\u00fczenli depolama alanlar\u0131 sunuyoruz.<\/p>\n      \n    <\/div>\n    \n\n  <\/div>\n  \n\n<\/div>\n\n\n\n\n<div id=\"about\" class=\"wp-block-group alignfull is-layout-constrained wp-container-core-group-is-layout-0e8914e2 wp-block-group-is-layout-constrained\" style=\"padding-top:100px;padding-bottom:100px\">\n\n  \n  <div class=\"wp-block-media-text has-media-on-the-right is-stacked-on-mobile is-vertically-aligned-center\">\n    <div class=\"wp-block-media-text__content\">\n\n      \n      <h2 class=\"wp-block-heading\">Profesyonel Ta\u015f\u0131ma ve Depolama Hizmetleri<\/h2>\n      \n\n      \n      <p>Ta\u015f\u0131nma s\u00fcrecinizi ba\u015ftan sona planl\u0131yor, e\u015fyalar\u0131n\u0131z\u0131n g\u00fcvenli \u015fekilde paketlenmesini, ta\u015f\u0131nmas\u0131n\u0131 ve teslim edilmesini sa\u011fl\u0131yoruz.<\/p>\n      \n\n      \n      <p>Uzman ekibimizle ev, ofis, \u015fehirleraras\u0131 nakliyat ve e\u015fya depolama hizmetlerinde h\u0131zl\u0131, g\u00fcvenilir ve \u00e7\u00f6z\u00fcm odakl\u0131 destek sunuyoruz.<\/p>\n      \n\n    <\/div>\n\n    <figure class=\"wp-block-media-text__media\">\n      <img decoding=\"async\" src=\"https:\/\/evtasimanakliye.com.tr\/wp-content\/uploads\/2026\/04\/ev-tasima-nakliye-300x169.png\" alt=\"Profesyonel Nakliye Hizmeti\">\n    <\/figure>\n  <\/div>\n  \n\n<\/div>\n\n\n\n\n<div id=\"whyus\" class=\"wp-block-group alignfull has-ast-global-color-5-background-color has-background is-layout-constrained wp-container-core-group-is-layout-0e8914e2 wp-block-group-is-layout-constrained\" style=\"padding-top:100px;padding-bottom:100px\">\n\n  \n  <h2 class=\"has-text-align-center wp-block-heading\">Neden Biz Ta\u015f\u0131r\u0131z?<\/h2>\n  \n\n  \n  <div class=\"wp-block-columns is-layout-flex wp-container-core-columns-is-layout-e278b7c5 wp-block-columns-is-layout-flex\" style=\"margin-top:50px\">\n\n    \n    <div class=\"wp-block-column is-layout-flow wp-block-column-is-layout-flow\">\n      \n      <h3 class=\"wp-block-heading\">Profesyonel Ekip<\/h3>\n      \n\n      \n      <p>Ta\u015f\u0131ma s\u00fcreciniz deneyimli ekip taraf\u0131ndan planl\u0131 \u015fekilde y\u00fcr\u00fct\u00fcl\u00fcr.<\/p>\n      \n    <\/div>\n    \n\n    \n    <div class=\"wp-block-column is-layout-flow wp-block-column-is-layout-flow\">\n      \n      <h3 class=\"wp-block-heading\">Sigortal\u0131 Ta\u015f\u0131ma<\/h3>\n      \n\n      \n      <p>E\u015fyalar\u0131n\u0131z g\u00fcvenli ta\u015f\u0131ma prensipleriyle korunur ve yeni adresinize ula\u015ft\u0131r\u0131l\u0131r.<\/p>\n      \n    <\/div>\n    \n\n    \n    <div class=\"wp-block-column is-layout-flow wp-block-column-is-layout-flow\">\n      \n      <h3 class=\"wp-block-heading\">Ta\u015f\u0131ma Sonras\u0131 Destek<\/h3>\n      \n\n      \n      <p>Ta\u015f\u0131nma tamamland\u0131ktan sonra da ihtiya\u00e7 duydu\u011funuz konularda destek sa\u011flar\u0131z.<\/p>\n      \n    <\/div>\n    \n\n  <\/div>\n  \n\n<\/div>\n\n\n\n\n<div id=\"contact\" class=\"wp-block-group alignfull has-background is-layout-constrained wp-container-core-group-is-layout-8969b48b wp-block-group-is-layout-constrained\" style=\"background:linear-gradient(35deg,#060097 0%,#8204ff 64%,#c10fff 98%);padding-top:90px;padding-bottom:90px\">\n\n  \n  <h2 class=\"has-text-align-center has-text-color wp-block-heading\" style=\"color:#ffffff\">G\u00fcvenli ve Planl\u0131 Nakliye Hizmeti Al\u0131n<\/h2>\n  \n\n  \n  <p class=\"has-text-align-center has-text-color\" style=\"color:#ffffff\">Ev ta\u015f\u0131ma, ofis ta\u015f\u0131ma ve \u015fehirleraras\u0131 nakliyat ihtiya\u00e7lar\u0131n\u0131z i\u00e7in bizimle ileti\u015fime ge\u00e7in.<\/p>\n  \n\n  \n  <div class=\"wp-block-buttons is-content-justification-center is-layout-flex wp-container-core-buttons-is-layout-660f9ef0 wp-block-buttons-is-layout-flex\" style=\"margin-top:40px\">\n    \n    <div class=\"wp-block-button\">\n      <a class=\"wp-block-button__link wp-element-button\" href=\"https:\/\/evtasimanakliye.com.tr\/iletisim\">Teklif Al<\/a>\n    <\/div>\n    \n  <\/div>\n  \n\n<\/div>\n\t\t\t\t\t\t\t\t<\/div>\n\t\t\t\t\t<\/div>\n\t\t\t\t<\/div>\n\t\t\t\t<\/div>\n\t\t","protected":false},"excerpt":{"rendered":"<p>Nakliye Hizmetlerimiz Ev ta\u015f\u0131ma, ofis ta\u015f\u0131ma, \u015fehirleraras\u0131 nakliyat ve e\u015fya depolama ihtiya\u00e7lar\u0131n\u0131z i\u00e7in profesyonel \u00e7\u00f6z\u00fcmler sunuyoruz. Ev Ta\u015f\u0131ma Evden eve [&hellip;]<\/p>\n","protected":false},"author":1,"featured_media":0,"parent":0,"menu_order":0,"comment_status":"closed","ping_status":"closed","template":"","meta":{"site-sidebar-layout":"no-sidebar","site-content-layout":"plain-container","ast-site-content-layout":"default","site-content-style":"default","site-sidebar-style":"default","ast-global-header-display":"","ast-banner-title-visibility":"","ast-main-header-display":"","ast-hfb-above-header-display":"","ast-hfb-below-header-display":"","ast-hfb-mobile-header-display":"","site-post-title":"","ast-breadcrumbs-content":"","ast-featured-img":"","footer-sml-layout":"","ast-disable-related-posts":"","theme-transparent-header-meta":"enabled","adv-header-id-meta":"","stick-header-meta":"","header-above-stick-meta":"","header-main-stick-meta":"","header-below-stick-meta":"","astra-migrate-meta-layouts":"default","ast-page-background-enabled":"default","ast-page-background-meta":{"desktop":{"background-color":"var(--ast-global-color-5)","background-image":"","background-repeat":"repeat","background-position":"center center","background-size":"auto","background-attachment":"scroll","background-type":"","background-media":"","overlay-type":"","overlay-color":"","overlay-opacity":"","overlay-gradient":""},"tablet":{"background-color":"","background-image":"","background-repeat":"repeat","background-position":"center center","background-size":"auto","background-attachment":"scroll","background-type":"","background-media":"","overlay-type":"","overlay-color":"","overlay-opacity":"","overlay-gradient":""},"mobile":{"background-color":"","background-image":"","background-repeat":"repeat","background-position":"center center","background-size":"auto","background-attachment":"scroll","background-type":"","background-media":"","overlay-type":"","overlay-color":"","overlay-opacity":"","overlay-gradient":""}},"ast-content-background-meta":{"desktop":{"background-color":"var(--ast-global-color-4)","background-image":"","background-repeat":"repeat","background-position":"center center","background-size":"auto","background-attachment":"scroll","background-type":"","background-media":"","overlay-type":"","overlay-color":"","overlay-opacity":"","overlay-gradient":""},"tablet":{"background-color":"var(--ast-global-color-4)","background-image":"","background-repeat":"repeat","background-position":"center center","background-size":"auto","background-attachment":"scroll","background-type":"","background-media":"","overlay-type":"","overlay-color":"","overlay-opacity":"","overlay-gradient":""},"mobile":{"background-color":"var(--ast-global-color-4)","background-image":"","background-repeat":"repeat","background-position":"center center","background-size":"auto","background-attachment":"scroll","background-type":"","background-media":"","overlay-type":"","overlay-color":"","overlay-opacity":"","overlay-gradient":""}},"footnotes":""},"class_list":["post-10","page","type-page","status-publish","hentry"],"_links":{"self":[{"href":"https:\/\/evtasimanakliye.com.tr\/index.php?rest_route=\/wp\/v2\/pages\/10","targetHints":{"allow":["GET"]}}],"collection":[{"href":"https:\/\/evtasimanakliye.com.tr\/index.php?rest_route=\/wp\/v2\/pages"}],"about":[{"href":"https:\/\/evtasimanakliye.com.tr\/index.php?rest_route=\/wp\/v2\/types\/page"}],"author":[{"embeddable":true,"href":"https:\/\/evtasimanakliye.com.tr\/index.php?rest_route=\/wp\/v2\/users\/1"}],"replies":[{"embeddable":true,"href":"https:\/\/evtasimanakliye.com.tr\/index.php?rest_route=%2Fwp%2Fv2%2Fcomments&post=10"}],"version-history":[{"count":70,"href":"https:\/\/evtasimanakliye.com.tr\/index.php?rest_route=\/wp\/v2\/pages\/10\/revisions"}],"predecessor-version":[{"id":128,"href":"https:\/\/evtasimanakliye.com.tr\/index.php?rest_route=\/wp\/v2\/pages\/10\/revisions\/128"}],"wp:attachment":[{"href":"https:\/\/evtasimanakliye.com.tr\/index.php?rest_route=%2Fwp%2Fv2%2Fmedia&parent=10"}],"curies":[{"name":"wp","href":"https:\/\/api.w.org\/{rel}","templated":true}]}}